{"id":6460,"date":"2021-10-12T14:26:20","date_gmt":"2021-10-12T13:26:20","guid":{"rendered":"https:\/\/ceramicart.be\/?post_type=product&#038;p=6460"},"modified":"2022-11-06T15:55:53","modified_gmt":"2022-11-06T14:55:53","slug":"tasse-cafe-coll-volcano","status":"publish","type":"product","link":"https:\/\/ceramicart.be\/nl\/shop-standard\/art-de-la-table\/tasse-cafe-coll-volcano\/","title":{"rendered":"Tasse Caf\u00e9 &#8211; Coll VOLCANO &#8211; Liser\u00e9"},"content":{"rendered":"<p>La collection VOLCANO est une collection de c\u00e9ramiques artisanales de couleur noir intense avec des variations de gris. Cette collection est cr\u00e9\u00e9e \u00e0 partir de gr\u00e8s gris. Il fait r\u00e9f\u00e9rence \u00e0 l&rsquo;intensit\u00e9 volcanique de certaines de nos \u00e9motions passag\u00e8res.<\/p>","protected":false},"excerpt":{"rendered":"<p>Tasse \u00e0 caf\u00e9 en gr\u00e8s gris de la collection VOLCANO. Version avec le liser\u00e9<\/p>\n<p>Diam\u00e8tre de la tasse:\u00a0 7 cm. Hauteur de 8,5 cm<\/p>\n<p>Contenance 225 ml (approx)<\/p>\n<p>Ces informations peuvent l\u00e9g\u00e8rement varier \u00e9tant donn\u00e9 le c\u00f4t\u00e9 artisanal du produit.<\/p>","protected":false},"featured_media":6428,"template":"","meta":{"jetpack_publicize_message":"","jetpack_publicize_feature_enabled":true,"jetpack_social_post_already_shared":true,"jetpack_social_options":{"image_generator_settings":{"template":"highway","enabled":false},"version":2}},"product_brand":[],"product_cat":[45,228,54],"product_tag":[171,213,176,125,207,166],"class_list":{"0":"post-6460","1":"product","2":"type-product","3":"status-publish","4":"has-post-thumbnail","6":"product_cat-art-de-la-table","7":"product_cat-collection-volcan","8":"product_cat-mugs-tasses","9":"product_tag-cuisine","10":"product_tag-expresso","11":"product_tag-gres-gris","12":"product_tag-noir","13":"product_tag-tasse","14":"product_tag-vaisselle","16":"first","17":"outofstock","18":"shipping-taxable","19":"purchasable","20":"product-type-simple"},"jetpack_publicize_connections":[],"jetpack_sharing_enabled":true,"_links":{"self":[{"href":"https:\/\/ceramicart.be\/nl\/wp-json\/wp\/v2\/product\/6460"}],"collection":[{"href":"https:\/\/ceramicart.be\/nl\/wp-json\/wp\/v2\/product"}],"about":[{"href":"https:\/\/ceramicart.be\/nl\/wp-json\/wp\/v2\/types\/product"}],"wp:featuredmedia":[{"embeddable":true,"href":"https:\/\/ceramicart.be\/nl\/wp-json\/wp\/v2\/media\/6428"}],"wp:attachment":[{"href":"https:\/\/ceramicart.be\/nl\/wp-json\/wp\/v2\/media?parent=6460"}],"wp:term":[{"taxonomy":"product_brand","embeddable":true,"href":"https:\/\/ceramicart.be\/nl\/wp-json\/wp\/v2\/product_brand?post=6460"},{"taxonomy":"product_cat","embeddable":true,"href":"https:\/\/ceramicart.be\/nl\/wp-json\/wp\/v2\/product_cat?post=6460"},{"taxonomy":"product_tag","embeddable":true,"href":"https:\/\/ceramicart.be\/nl\/wp-json\/wp\/v2\/product_tag?post=6460"}],"curies":[{"name":"wp","href":"https:\/\/api.w.org\/{rel}","templated":true}]}}

Tasse Café &#8211; Coll VOLCANO &#8211; Liseré

<p>La collection VOLCANO est une collection de céramiques artisanales de couleur noir intense avec des variations de gris. Cette collection est créée à partir de grès gris. Il fait référence à l&rsquo;intensité volcanique de certaines de nos émotions passagères.</p>

<p>Tasse à café en grès gris de la collection VOLCANO. Version avec le liseré</p>
<p>Diamètre de la tasse:  7 cm. Hauteur de 8,5 cm</p>
<p>Contenance 225 ml (approx)</p>
<p>Ces informations peuvent légèrement varier étant donné le côté artisanal du produit.</p>
