{"id":6463,"date":"2021-10-12T18:03:34","date_gmt":"2021-10-12T17:03:34","guid":{"rendered":"https:\/\/ceramicart.be\/?post_type=product&#038;p=6463"},"modified":"2025-05-21T11:08:19","modified_gmt":"2025-05-21T10:08:19","slug":"tasse-cafe-coll-lichen-2","status":"publish","type":"product","link":"https:\/\/ceramicart.be\/nl\/shop-standard\/art-de-la-table\/tasse-cafe-coll-lichen-2\/","title":{"rendered":"Tasse Caf\u00e9- Coll LICHEN"},"content":{"rendered":"<p>La collection LICHEN est une collection de c\u00e9ramiques artisanales aux couleurs douces. Cette collection est cr\u00e9\u00e9e \u00e0 partir de gr\u00e8s blanc provenant de Belgique. Elle fait r\u00e9f\u00e9rence \u00e0 la douceur et la finesse de la mousse trouv\u00e9e sur les cailloux en bord de rivi\u00e8re et dans la lisi\u00e8re des bois. Cette collection m&rsquo;a \u00e9t\u00e9 inspir\u00e9e par mes nombreuses ballades dans la for\u00eat o\u00f9 je ne peux m&#8217;emp\u00eacher de m&rsquo;\u00e9merveiller devant ces tr\u00e9sors g\u00e9n\u00e9reusement offerts par dame Nature.<\/p>","protected":false},"excerpt":{"rendered":"<p>Tasse \u00e0 caf\u00e9 en gr\u00e8s blanc belge de la collection LICHEN &#8211; <strong>A GAUCHE SUR LA PHOTO<\/strong><\/p>\n<p>Diam\u00e8tre de la tasse:\u00a0 7 cm. Hauteur de 8,5 cm<\/p>\n<p>Contenance 225 ml (approx)<\/p>\n<p>Ces informations peuvent l\u00e9g\u00e8rement varier \u00e9tant donn\u00e9 le c\u00f4t\u00e9 artisanal du produit.<\/p>","protected":false},"featured_media":6638,"template":"","meta":{"jetpack_publicize_message":"","jetpack_publicize_feature_enabled":true,"jetpack_social_post_already_shared":true,"jetpack_social_options":{"image_generator_settings":{"template":"highway","enabled":false},"version":2}},"product_brand":[],"product_cat":[45,242,54],"product_tag":[171,213,169,154,207,166],"class_list":{"0":"post-6463","1":"product","2":"type-product","3":"status-publish","4":"has-post-thumbnail","6":"product_cat-art-de-la-table","7":"product_cat-collection-lichen","8":"product_cat-mugs-tasses","9":"product_tag-cuisine","10":"product_tag-expresso","11":"product_tag-gres-blanc","12":"product_tag-gris-brun","13":"product_tag-tasse","14":"product_tag-vaisselle","16":"first","17":"outofstock","18":"shipping-taxable","19":"purchasable","20":"product-type-simple"},"jetpack_publicize_connections":[],"jetpack_sharing_enabled":true,"_links":{"self":[{"href":"https:\/\/ceramicart.be\/nl\/wp-json\/wp\/v2\/product\/6463"}],"collection":[{"href":"https:\/\/ceramicart.be\/nl\/wp-json\/wp\/v2\/product"}],"about":[{"href":"https:\/\/ceramicart.be\/nl\/wp-json\/wp\/v2\/types\/product"}],"wp:featuredmedia":[{"embeddable":true,"href":"https:\/\/ceramicart.be\/nl\/wp-json\/wp\/v2\/media\/6638"}],"wp:attachment":[{"href":"https:\/\/ceramicart.be\/nl\/wp-json\/wp\/v2\/media?parent=6463"}],"wp:term":[{"taxonomy":"product_brand","embeddable":true,"href":"https:\/\/ceramicart.be\/nl\/wp-json\/wp\/v2\/product_brand?post=6463"},{"taxonomy":"product_cat","embeddable":true,"href":"https:\/\/ceramicart.be\/nl\/wp-json\/wp\/v2\/product_cat?post=6463"},{"taxonomy":"product_tag","embeddable":true,"href":"https:\/\/ceramicart.be\/nl\/wp-json\/wp\/v2\/product_tag?post=6463"}],"curies":[{"name":"wp","href":"https:\/\/api.w.org\/{rel}","templated":true}]}}

Tasse Café- Coll LICHEN

<p>La collection LICHEN est une collection de céramiques artisanales aux couleurs douces. Cette collection est créée à partir de grès blanc provenant de Belgique. Elle fait référence à la douceur et la finesse de la mousse trouvée sur les cailloux en bord de rivière et dans la lisière des bois. Cette collection m&rsquo;a été inspirée par mes nombreuses ballades dans la forêt où je ne peux m&#8217;empêcher de m&rsquo;émerveiller devant ces trésors généreusement offerts par dame Nature.</p>

<p>Tasse à café en grès blanc belge de la collection LICHEN &#8211; <strong>A GAUCHE SUR LA PHOTO</strong></p>
<p>Diamètre de la tasse:  7 cm. Hauteur de 8,5 cm</p>
<p>Contenance 225 ml (approx)</p>
<p>Ces informations peuvent légèrement varier étant donné le côté artisanal du produit.</p>
