{"id":7965,"date":"2023-05-05T10:22:04","date_gmt":"2023-05-05T09:22:04","guid":{"rendered":"https:\/\/ceramicart.be\/?post_type=product&#038;p=7965"},"modified":"2023-05-05T10:22:05","modified_gmt":"2023-05-05T09:22:05","slug":"mug-dans-les-yeux-de-ma-mere","status":"publish","type":"product","link":"https:\/\/ceramicart.be\/nl\/shop-standard\/mugs-tasses\/mug-dans-les-yeux-de-ma-mere\/","title":{"rendered":"Mug -Dans les yeux de ma m\u00e8re"},"content":{"rendered":"<p>Chaque pi\u00e8ce est unique et peut avoir de l\u00e9g\u00e8res variations de forme, de couleur et d\u2019\u00e9paisseur. Votre mug peut aller au lave-vaisselle.<\/p>","protected":false},"excerpt":{"rendered":"<div class=\"woocommerce-product-details__short-description\">\n<p>Une maman, on n\u2019en a qu\u2019une. Dites-lui que vous l\u2019aimez avec ce super mug.<\/p>\n<p>&nbsp;<\/p>\n<p>Votre maman aime cr\u00e9er ou d\u00e9couvrir de nouvelles activit\u00e9s? Pensez au\u00a0<a href=\"https:\/\/ceramicart.be\/nl\/shop-standard\/bon-cadeau\/bon-cadeau\/\">bon cadeau<\/a>\u00a0pour lui offrir un\u00a0<a href=\"https:\/\/ceramicart.be\/nl\/home-1-2\/\">atelier d\u00e9couverte de la c\u00e9ramique.\u00a0<\/a>Vous \u00eates curieuse? Accompagnez-l\u00e0 et vivez un chouette moment de complicit\u00e9 avec votre maman.<\/p>\n<\/div>\n<div class=\"product_meta\"><\/div>","protected":false},"featured_media":7966,"template":"","meta":{"jetpack_publicize_message":"Le lilas me fait invariablement penser \u00e0 ma maman. Cette fragrance forte et douce \u00e0 la fois me fait repartir des ann\u00e9es en arri\u00e8re. \r\nMUG - dans les yeux de ma m\u00e8re...","jetpack_publicize_feature_enabled":true,"jetpack_social_post_already_shared":true,"jetpack_social_options":{"image_generator_settings":{"template":"highway","enabled":false},"version":2}},"product_brand":[],"product_cat":[54],"product_tag":[265,186],"class_list":{"0":"post-7965","1":"product","2":"type-product","3":"status-publish","4":"has-post-thumbnail","6":"product_cat-mugs-tasses","7":"product_tag-fete-des-meres","8":"product_tag-mug","10":"first","11":"instock","12":"shipping-taxable","13":"purchasable","14":"product-type-simple"},"jetpack_publicize_connections":[],"jetpack_sharing_enabled":true,"_links":{"self":[{"href":"https:\/\/ceramicart.be\/nl\/wp-json\/wp\/v2\/product\/7965"}],"collection":[{"href":"https:\/\/ceramicart.be\/nl\/wp-json\/wp\/v2\/product"}],"about":[{"href":"https:\/\/ceramicart.be\/nl\/wp-json\/wp\/v2\/types\/product"}],"wp:featuredmedia":[{"embeddable":true,"href":"https:\/\/ceramicart.be\/nl\/wp-json\/wp\/v2\/media\/7966"}],"wp:attachment":[{"href":"https:\/\/ceramicart.be\/nl\/wp-json\/wp\/v2\/media?parent=7965"}],"wp:term":[{"taxonomy":"product_brand","embeddable":true,"href":"https:\/\/ceramicart.be\/nl\/wp-json\/wp\/v2\/product_brand?post=7965"},{"taxonomy":"product_cat","embeddable":true,"href":"https:\/\/ceramicart.be\/nl\/wp-json\/wp\/v2\/product_cat?post=7965"},{"taxonomy":"product_tag","embeddable":true,"href":"https:\/\/ceramicart.be\/nl\/wp-json\/wp\/v2\/product_tag?post=7965"}],"curies":[{"name":"wp","href":"https:\/\/api.w.org\/{rel}","templated":true}]}}

Mug -Dans les yeux de ma mère

<p>Chaque pièce est unique et peut avoir de légères variations de forme, de couleur et d’épaisseur. Votre mug peut aller au lave-vaisselle.</p>

<div class="woocommerce-product-details__short-description">
<p>Une maman, on n’en a qu’une. Dites-lui que vous l’aimez avec ce super mug.</p>
<p>&nbsp;</p>
<p>Votre maman aime créer ou découvrir de nouvelles activités? Pensez au <a href="https://ceramicart.be/nl/shop-standard/bon-cadeau/bon-cadeau/">bon cadeau</a> pour lui offrir un <a href="https://ceramicart.be/nl/home-1-2/">atelier découverte de la céramique. </a>Vous êtes curieuse? Accompagnez-là et vivez un chouette moment de complicité avec votre maman.</p>
</div>
<div class="product_meta"></div>

Le lilas me fait invariablement penser à ma maman. Cette fragrance forte et douce à la fois me fait repartir des années en arrière. 
MUG - dans les yeux de ma mère...
